{"id":274,"date":"2020-09-29T21:41:21","date_gmt":"2020-09-29T21:41:21","guid":{"rendered":"http:\/\/www.iac.com.uy\/iac\/?page_id=274"},"modified":"2025-06-06T16:57:47","modified_gmt":"2025-06-06T19:57:47","slug":"personal-medico","status":"publish","type":"page","link":"https:\/\/www.iac.com.uy\/iac\/personal-medico\/","title":{"rendered":"Personal m\u00e9dico"},"content":{"rendered":"<p>[et_pb_section fb_built=\u00bb1&#8243; fullwidth=\u00bbon\u00bb _builder_version=\u00bb4.16&#8243; bottom_divider_style=\u00bbslant\u00bb bottom_divider_color=\u00bb#ffffff\u00bb global_colors_info=\u00bb{}\u00bb][et_pb_fullwidth_header title=\u00bbPersonal M\u00e9dico\u00bb text_orientation=\u00bbcenter\u00bb background_overlay_color=\u00bbrgba(96,0,0,0.45)\u00bb _builder_version=\u00bb4.16&#8243; title_font=\u00bbGlacial Indifference|700|||||||\u00bb title_font_size=\u00bb46px\u00bb title_line_height=\u00bb1.5em\u00bb content_font=\u00bbArimo||||||||\u00bb content_font_size=\u00bb18px\u00bb content_line_height=\u00bb1.8em\u00bb subhead_font=\u00bbLato|700|||||||\u00bb subhead_font_size=\u00bb25px\u00bb subhead_line_height=\u00bb1.5em\u00bb background_enable_color=\u00bboff\u00bb background_image=\u00bbhttps:\/\/www.iac.com.uy\/iac\/wp-content\/uploads\/2020\/11\/permedicofondo-scaled.jpg\u00bb custom_margin=\u00bb|||\u00bb custom_padding=\u00bb2vw||92px||false|\u00bb animation_style=\u00bbslide\u00bb animation_direction=\u00bbtop\u00bb animation_intensity_slide=\u00bb2%\u00bb title_font_size_tablet=\u00bb36px\u00bb title_font_size_phone=\u00bb\u00bb title_font_size_last_edited=\u00bbon|phone\u00bb title_text_shadow_style=\u00bbpreset2&#8243; content_text_shadow_style=\u00bbpreset2&#8243; global_colors_info=\u00bb{}\u00bb button_one_text_size__hover_enabled=\u00bboff\u00bb button_two_text_size__hover_enabled=\u00bboff\u00bb button_one_text_color__hover_enabled=\u00bboff\u00bb button_two_text_color__hover_enabled=\u00bboff\u00bb button_one_border_width__hover_enabled=\u00bboff\u00bb button_two_border_width__hover_enabled=\u00bboff\u00bb button_one_border_color__hover_enabled=\u00bboff\u00bb button_two_border_color__hover_enabled=\u00bboff\u00bb button_one_border_radius__hover_enabled=\u00bboff\u00bb button_two_border_radius__hover_enabled=\u00bboff\u00bb button_one_letter_spacing__hover_enabled=\u00bboff\u00bb button_two_letter_spacing__hover_enabled=\u00bboff\u00bb button_one_bg_color__hover_enabled=\u00bboff\u00bb button_two_bg_color__hover_enabled=\u00bboff\u00bb]Todas las especialidades m\u00e9dicas a su disposici\u00f3n.[\/et_pb_fullwidth_header][\/et_pb_section][et_pb_section fb_built=\u00bb1&#8243; admin_label=\u00bbPublications\u00bb _builder_version=\u00bb4.16&#8243; background_enable_color=\u00bboff\u00bb background_enable_image=\u00bboff\u00bb custom_margin=\u00bb|||\u00bb custom_padding=\u00bb0px||0px||true|false\u00bb top_divider_color=\u00bb#f5f5f5&#8243; top_divider_flip=\u00bbvertical\u00bb top_divider_arrangement=\u00bbabove_content\u00bb bottom_divider_flip=\u00bbvertical\u00bb bottom_divider_arrangement=\u00bbabove_content\u00bb locked=\u00bboff\u00bb global_colors_info=\u00bb{}\u00bb][et_pb_row column_structure=\u00bb1_3,1_3,1_3&#8243; _builder_version=\u00bb4.16&#8243; _module_preset=\u00bbdefault\u00bb global_colors_info=\u00bb{}\u00bb][et_pb_column type=\u00bb1_3&#8243; _builder_version=\u00bb4.16&#8243; _module_preset=\u00bbdefault\u00bb global_colors_info=\u00bb{}\u00bb][et_pb_text _builder_version=\u00bb4.21.0&#8243; _module_preset=\u00bbdefault\u00bb text_font=\u00bbRoboto||||||||\u00bb header_font=\u00bbRoboto||||||||\u00bb header_3_font=\u00bbRoboto||||on|||#622626|\u00bb header_3_text_color=\u00bb#622626&#8243; header_3_font_size=\u00bb23px\u00bb custom_padding=\u00bb||0px|||\u00bb hover_enabled=\u00bb0&#8243; header_3_text_shadow_style=\u00bbpreset2&#8243; header_3_text_shadow_color=\u00bbrgba(0,0,0,0.09)\u00bb global_colors_info=\u00bb{}\u00bb sticky_enabled=\u00bb0&#8243;]<\/p>\n<h3>Anatom\u00eda Patol\u00f3gica<\/h3>\n<p>CAJARVILLE, CECILIA<\/p>\n<h3>Anestesia<\/h3>\n<p>ALVAREZ, ALINA<br \/>\nBATALLA, PEDRO MARIO<br \/>\nPRIGIONI, CAROLINA<br \/>\nROSALES, LEONORA<\/p>\n<h3>Ay. Quir\u00fargico<\/h3>\n<p>FERREIRA, GABRIEL<br \/>\nMORALES, RODOLFO<br \/>\nN\u00da\u00d1EZ, REINIER<br \/>\nHERNANDEZ, ESTEBAN<\/p>\n<h3>Cardiolog\u00eda<\/h3>\n<p>SILVA,\u00a0ELO\u00cdSA<br \/>\nLAMAS,\u00a0FLORENCIA<br \/>\nPAGLIOTTI T., MARIA LAURA<br \/>\nPEREZ, CARLOS<\/p>\n<h3>Cardiolog\u00eda pediatrica<\/h3>\n<p>POSE, GUILLERMO LUIS<\/p>\n<h3>Cirug\u00eda<\/h3>\n<p>MADERA, FABIO<br \/>\nMORALES, RODOLFO<br \/>\nOLASCUAGA CARLOS E.<br \/>\nQUIRO, FERNANDO<br \/>\nRODRIGUEZ, GABRIELA<br \/>\nVILLANUEVA, OSCAR<\/p>\n<h3>Cirug\u00eda Pl\u00e1stica<\/h3>\n<p>ZLOTNISKI, FEDERICA<br \/>\nLENA, TANIA<\/p>\n<h3>Cirug\u00eda Vascular<\/h3>\n<p>OLASCUAGA, CARLOS<\/p>\n<h3>Dermatolog\u00eda<\/h3>\n<p>ROSAS, ANA<\/p>\n<h3>Diabetolog\u00eda<\/h3>\n<p>PINHO, MUNIZ ALEJANDRO<\/p>\n<h3>Endocrinolog\u00eda<\/h3>\n<p>PINHO, MUNIZ ALEJANDRO<\/p>\n<h3>Fisiatr\u00eda<\/h3>\n<p>MARTINEZ, ESTHER LIA<br \/>\nSUAREZ, ELIZABETH<\/p>\n<h3>Fonoaudiolog\u00eda<\/h3>\n<p>RUIZ BARRIOS, GLORIA PATRICIA<\/p>\n<h3>Gastroenterolog\u00eda<\/h3>\n<p>BATALLA, CARLOS<br \/>\nFASCIOLO, JORGE<\/p>\n<h3>Ginecolog\u00eda<\/h3>\n<p>ALONSO, VALERIA<br \/>\nOLANO, JOSE QUINTIN<br \/>\nRAMOS MEJIA, PAOLA ANDREA<br \/>\nSILVA, SOFIA<br \/>\nHERNANDEZ, ESTEBAN<br \/>\nBOUZAS, LAURA<\/p>\n<h3>Intensivista<\/h3>\n<p>AG\u00dcERO, ALDO<br \/>\nCORREA, EDUARDO<br \/>\nDOTTA, SANTIAGO<br \/>\nGONZALEZ, JENIFER<br \/>\nGONZALEZ, EUGENIA<br \/>\nOLIVERA, GERMAN<\/p>\n<h3>Hematolog\u00eda<\/h3>\n<p>ACOSTA, SOLEDAD<\/p>\n<h3>Hemoterapia<\/h3>\n<p>PROF. RODRIGUEZ, ISMAEL[\/et_pb_text][\/et_pb_column][et_pb_column type=\u00bb1_3&#8243; _builder_version=\u00bb4.16&#8243; _module_preset=\u00bbdefault\u00bb global_colors_info=\u00bb{}\u00bb][et_pb_text _builder_version=\u00bb4.21.0&#8243; _module_preset=\u00bbdefault\u00bb text_font=\u00bbRoboto||||||||\u00bb header_font=\u00bbRoboto||||||||\u00bb header_3_font=\u00bbRoboto||||on|||#622626|\u00bb header_3_text_color=\u00bb#622626&#8243; header_3_font_size=\u00bb23px\u00bb custom_margin_tablet=\u00bb\u00bb custom_margin_phone=\u00bb||||false|false\u00bb custom_margin_last_edited=\u00bbon|tablet\u00bb custom_padding_tablet=\u00bb\u00bb custom_padding_phone=\u00bb\u00bb custom_padding_last_edited=\u00bbon|phone\u00bb hover_enabled=\u00bb0&#8243; header_3_text_shadow_style=\u00bbpreset2&#8243; header_3_text_shadow_color=\u00bbrgba(0,0,0,0.09)\u00bb locked=\u00bboff\u00bb global_colors_info=\u00bb{}\u00bb sticky_enabled=\u00bb0&#8243;]<\/p>\n<h3>Imagenolog\u00eda<\/h3>\n<p>ELIZONDO, TABAR\u00c9<br \/>MOTTA, MARIO<br \/>POPELKA, FERNANDO<br \/>RODRIGUEZ, LUIS<\/p>\n<h3>Medicina general<\/h3>\n<p>ALDAVE, CARLOS<br \/>ALDAVE, PEDRO<br \/>BECERRA, DARIO<br \/>BIANCHI, OSVALDO<br \/>BOSSOLAZCO, RENZO<br \/>CABRAL, ELIZABETH<br \/>CIGALES, SEBASTIAN<br \/>CONDE, CLAUDIA<br \/>CORREA, KAAREN<br \/>DE LEON CURBELO, MAGELA FABIANA<br \/>FERNANDEZ, LIBER<br \/>DOMINGUEZ, ROSANA<br \/>FERREIRA, GABRIEL<br \/>GOROSO, NATALIA<br \/>GORGOROSO, JUAN<br \/>KAPEK, LUCIA<br \/>JURE, ADRIANA<br \/>LEDESMA, SOFIA<br \/>MARI\u00d1O, GONZALO<br \/>MARQUEZ, CANDELA<br \/>MEDEIROS, WASHINGTON<br \/>MORALES, ELISA<br \/>MIRABALLES, VARINIA<br \/>PAGLIOTTI, HORACIO<br \/>PEREIRA, JUAN DIEGO<br \/>RIPOLL, MONSERRAT<br \/>SOTO, RICHARD<br \/>VILLAR, NELSA<br \/>PEREZ, ANGELA<br \/>DIAZ, MAXIMILIANO<br \/>MOTTA, AGUSTINA<br \/>GONZALEZ, NICOLAS<br \/>TORRAZA, ALEJO<br \/>EGUREN, FACUNDO<\/p>\n<h3>Medicina interna<\/h3>\n<p>PAGLIOTTI, WALTER HORACIO<br \/>RECOBA, MAR\u00cdA NOEL<br \/>ZIPITRIA, GONZALO<\/p>\n<h3>M\u00e9dico familiar<\/h3>\n<p>GOROSO, NATALIA<br \/>MIRABALLES, VARINIA<br \/>VILLAR, NELSA<\/p>\n<h3>M\u00e9dico Laboratorista<\/h3>\n<p>ORT\u00cdZ, GABRIELA<\/p>\n<h3>Neumolog\u00eda<\/h3>\n<p>LARROSA, GABRIELA<\/p>\n<h3>Neuropediatr\u00eda<\/h3>\n<p>CAPOTE, GABRIELA<\/p>\n<h3>Neurolog\u00eda<\/h3>\n<p>FERNANDEZ, MERCEDES<br \/>PINO, STEPHANIE<\/p>\n<h3>Nutricionistas<\/h3>\n<p>BELLO, NATALIE<br \/>DI BUENO, SOLEDAD<br \/>EGUREN, ROMINA<br \/>MACEDA, FABIO<\/p>\n<h3>Odontolog\u00eda<\/h3>\n<p>ELIZONDO SANCHEZ, VERONICA<br \/>GONZALEZ, RICHARD<br \/>MANARA, DIEGO<\/p>\n<h3>Oftalmolog\u00eda<\/h3>\n<p>ALBERTI, JULIO<br \/>LAMAS, LORENA<br \/>SILVEIRA, ALEJANDRO<br \/>URDANGARIN, MARIA CRISTINA<\/p>\n<h3>Oncolog\u00eda<\/h3>\n<p>RAGGIO, DANIEL<br \/>MAGALLANES, VIRGINIA<\/p>\n<h3>Otorrinolaringolog\u00eda<\/h3>\n<p>SILVERA, JORGE<br \/>BARREIRO, SUSANA<\/p>\n<p>[\/et_pb_text][\/et_pb_column][et_pb_column type=\u00bb1_3&#8243; _builder_version=\u00bb4.16&#8243; _module_preset=\u00bbdefault\u00bb global_colors_info=\u00bb{}\u00bb][et_pb_text admin_label=\u00bbTexto\u00bb _builder_version=\u00bb4.21.0&#8243; _module_preset=\u00bbdefault\u00bb text_font=\u00bbRoboto||||||||\u00bb header_font=\u00bbRoboto||||||||\u00bb header_3_font=\u00bbRoboto||||on|||#622626|\u00bb header_3_text_color=\u00bb#622626&#8243; header_3_font_size=\u00bb23px\u00bb custom_margin_tablet=\u00bb\u00bb custom_margin_phone=\u00bb-23px||||false|false\u00bb custom_margin_last_edited=\u00bbon|phone\u00bb hover_enabled=\u00bb0&#8243; header_3_text_shadow_style=\u00bbpreset2&#8243; header_3_text_shadow_color=\u00bbrgba(0,0,0,0.09)\u00bb locked=\u00bboff\u00bb global_colors_info=\u00bb{}\u00bb sticky_enabled=\u00bb0&#8243;]<\/p>\n<h3>Parteras<\/h3>\n<p>SILVA, NADIA<br \/>\nVEGA DENIS, MARIA FERMINA<br \/>\nVERGARA, MAR\u00cdA ELISA<br \/>\nSILVEIRA, ROSARIO<\/p>\n<h3>Pediatr\u00eda<\/h3>\n<p>ALBELO, YENETSI<br \/>\nCAPOTE, GABRIELA<br \/>\nFERRARI, M. VICTORIA<br \/>\nGIRALDO, ANGELICA MARIA<br \/>\nMEDINA, ANDREA<br \/>\nPANIZZA, IGNACIO<br \/>\nPY, ALEJANDRO<br \/>\nPERCOVICH, TANIA<br \/>\nSEGOVIA, LUCIA<\/p>\n<h3>Psicolog\u00eda<\/h3>\n<p>YAPOR, CATALINA<\/p>\n<h3>Psicolog\u00eda Infantil<\/h3>\n<p>GUILLERMO, MABEL<\/p>\n<h3>Psiquiatra<\/h3>\n<p>ALVES, GUSTAVO DANIEL<br \/>\nCARBALLOSO, MARIO<br \/>\nAPARICIO, JULISSA<br \/>\nPORTILLO, PIA<\/p>\n<h3>Psiquiatr\u00eda Infantil<\/h3>\n<p>PEREZ, AIDA<br \/>\nPE\u00d1AFUERTE, YULIA<\/p>\n<h3>Traumatolog\u00eda<\/h3>\n<p>CASTA\u00d1O, ALCIDES<br \/>\nCUESTA, VERONICA<br \/>\nDE ARRASCAETA, DANIEL<br \/>\nLOUREIRO, SEBASTIAN<br \/>\nPASCAL, GONZALO<br \/>\nGUERRERO, RAINIER<\/p>\n<h3>Urolog\u00eda<\/h3>\n<p>MARTINEZ, ADAN<br \/>\nRIVEROS, RAUL<br \/>\nSILVA, HELEN<\/p>\n<h3>Ergometr\u00eda y Holter<\/h3>\n<p>SILVA, ELOISA<br \/>\nPAGLIOTTI, MAR\u00cdA LAURA<\/p>\n<h3>Funcional Respiratorio<\/h3>\n<p>LARROSA, GABRIELA<\/p>\n<h3>Colposcop\u00edas y Papanicolau<\/h3>\n<p>CAJARVILLE, CECILIA Y OBSTETRAS PARTERAS<\/p>\n<h3>Endoscop\u00eda Digestiva<\/h3>\n<p>BATALLA, CARLOS<br \/>\nFASCIOLO, JORGE<\/p>\n<h3>Endoscop\u00eda V\u00eda A\u00e9rea<\/h3>\n<p>SILVERA, JORGE<\/p>\n<h3>Policl\u00ednica de Mama<\/h3>\n<p>QUIR\u00d3, FERNANDO<\/p>\n<h3>T\u00e9cnicos Radi\u00f3logos<\/h3>\n<p>Lic. GONZ\u00c1LEZ, ROSARIO<br \/>\nSEQUEIRA, MONSERRAT<br \/>\nLic. SILVA, DAR\u00cdO<br \/>\nLic. PIMIENTA, YESICA<br \/>\nLic. FLEITAS, LUCIA<br \/>\nLic. HERNANDEZ, MANUEL[\/et_pb_text][\/et_pb_column][\/et_pb_row][\/et_pb_section]<\/p>\n","protected":false},"excerpt":{"rendered":"<p>Todas las especialidades m\u00e9dicas a su disposici\u00f3n.Anatom\u00eda Patol\u00f3gica CAJARVILLE, CECILIA Anestesia ALVAREZ, ALINA BATALLA, PEDRO MARIO PRIGIONI, CAROLINA ROSALES, LEONORA Ay. Quir\u00fargico FERREIRA, GABRIEL MORALES, RODOLFO N\u00da\u00d1EZ, REINIER HERNANDEZ, ESTEBAN Cardiolog\u00eda SILVA,\u00a0ELO\u00cdSA LAMAS,\u00a0FLORENCIA PAGLIOTTI T., MARIA LAURA PEREZ, CARLOS Cardiolog\u00eda pediatrica POSE, GUILLERMO LUIS Cirug\u00eda MADERA, FABIO MORALES, RODOLFO OLASCUAGA CARLOS E. QUIRO, FERNANDO RODRIGUEZ, [&hellip;]<\/p>\n","protected":false},"author":1,"featured_media":0,"parent":0,"menu_order":0,"comment_status":"closed","ping_status":"closed","template":"","meta":{"_et_pb_use_builder":"on","_et_pb_old_content":"<!-- wp:divi\/placeholder \/-->","_et_gb_content_width":"","footnotes":""},"class_list":["post-274","page","type-page","status-publish","hentry"],"_links":{"self":[{"href":"https:\/\/www.iac.com.uy\/iac\/wp-json\/wp\/v2\/pages\/274","targetHints":{"allow":["GET"]}}],"collection":[{"href":"https:\/\/www.iac.com.uy\/iac\/wp-json\/wp\/v2\/pages"}],"about":[{"href":"https:\/\/www.iac.com.uy\/iac\/wp-json\/wp\/v2\/types\/page"}],"author":[{"embeddable":true,"href":"https:\/\/www.iac.com.uy\/iac\/wp-json\/wp\/v2\/users\/1"}],"replies":[{"embeddable":true,"href":"https:\/\/www.iac.com.uy\/iac\/wp-json\/wp\/v2\/comments?post=274"}],"version-history":[{"count":34,"href":"https:\/\/www.iac.com.uy\/iac\/wp-json\/wp\/v2\/pages\/274\/revisions"}],"predecessor-version":[{"id":2317,"href":"https:\/\/www.iac.com.uy\/iac\/wp-json\/wp\/v2\/pages\/274\/revisions\/2317"}],"wp:attachment":[{"href":"https:\/\/www.iac.com.uy\/iac\/wp-json\/wp\/v2\/media?parent=274"}],"curies":[{"name":"wp","href":"https:\/\/api.w.org\/{rel}","templated":true}]}}